{"id":17556,"date":"2020-08-31T13:24:46","date_gmt":"2020-08-31T11:24:46","guid":{"rendered":"https:\/\/www.flexijet.info\/?page_id=11174"},"modified":"2026-03-31T16:46:43","modified_gmt":"2026-03-31T14:46:43","slug":"formations","status":"publish","type":"page","link":"https:\/\/www.flexijet.info\/fr\/formations\/","title":{"rendered":"Formations"},"content":{"rendered":"<div id='av-layout-grid-1'  class='av-layout-grid-container av-jsbzbm7d-1727ca2d70ce2995e55d00417207806b entry-content-wrapper main_color av-flex-cells  avia-builder-el-0  el_before_av_heading  avia-builder-el-first  av-cell-min-height av-cell-min-height-50  container_wrap fullsize'   data-av_minimum_height_pc='50'>\n\n<style type=\"text\/css\" data-created_by=\"avia_inline_auto\" id=\"style-css-av-jsbzb0t4-9d00876ba38b43720c300eaae6735ad3\">\n.flex_cell.av-jsbzb0t4-9d00876ba38b43720c300eaae6735ad3{\nvertical-align:top;\nbackground:url(https:\/\/www.flexijet.info\/fr\/wp-content\/uploads\/2019\/02\/schulung.jpg) 50% 0% no-repeat fixed ;\n}\n.responsive #top #wrap_all .flex_cell.av-jsbzb0t4-9d00876ba38b43720c300eaae6735ad3{\npadding:5% 10% 10% 10% !important;\n}\n<\/style>\n<div class='flex_cell av-jsbzb0t4-9d00876ba38b43720c300eaae6735ad3 av-gridrow-cell av_one_full no_margin  avia-builder-el-1  avia-builder-el-no-sibling  content-align-top avia-full-stretch'  ><div class='flex_cell_inner'><\/div><\/div>\n<\/div><div id='after_grid_row_1'  class='main_color av_default_container_wrap container_wrap fullsize'  ><div class='container av-section-cont-open' ><div class='template-page content  av-content-full alpha units'><div class='post-entry post-entry-type-page post-entry-17556'><div class='entry-content-wrapper clearfix'>\n\n<style type=\"text\/css\" data-created_by=\"avia_inline_auto\" id=\"style-css-av-20requ-c19517735a9d4bd7e767f4fda299ba6b\">\n#top .av-special-heading.av-20requ-c19517735a9d4bd7e767f4fda299ba6b{\npadding-bottom:10px;\n}\nbody .av-special-heading.av-20requ-c19517735a9d4bd7e767f4fda299ba6b .av-special-heading-tag .heading-char{\nfont-size:25px;\n}\n.av-special-heading.av-20requ-c19517735a9d4bd7e767f4fda299ba6b .av-subheading{\nfont-size:20px;\n}\n<\/style>\n<div  class='av-special-heading av-20requ-c19517735a9d4bd7e767f4fda299ba6b av-special-heading-h1 blockquote modern-quote  avia-builder-el-2  el_after_av_layout_row  el_before_av_hr  avia-builder-el-first  av-linked-heading'><h1 class='av-special-heading-tag '  itemprop=\"headline\"  >Flexijet 3D <b>Formation individuelle<\/b><\/h1><div class='av-subheading av-subheading_below'><p>Formation sur site avec un contenu enti\u00e8rement adapt\u00e9 \u00e0 vos besoins<\/p>\n<\/div><div class=\"special-heading-border\"><div class=\"special-heading-inner-border\"><\/div><\/div><\/div>\n<div  class='hr av-24kv8gk-6-342ecc40edef12de95b78ccc7b69ef5c hr-default  avia-builder-el-3  el_after_av_heading  el_before_av_two_third '><span class='hr-inner '><span class=\"hr-inner-style\"><\/span><\/span><\/div>\n\n<style type=\"text\/css\" data-created_by=\"avia_inline_auto\" id=\"style-css-av-4xhq38-f5df570d94ae17dda28537b91d2bd34a\">\n.flex_column.av-4xhq38-f5df570d94ae17dda28537b91d2bd34a{\nborder-radius:0px 0px 0px 0px;\npadding:0px 0px 0px 0px;\n}\n<\/style>\n<div  class='flex_column av-4xhq38-f5df570d94ae17dda28537b91d2bd34a av_two_third  avia-builder-el-4  el_after_av_hr  el_before_av_one_third  first flex_column_div av-zero-column-padding  '     ><section  class='av_textblock_section av-jsbzxppm-10671e2ceb5dcd8728ff2625b9fb4cf1 '   itemscope=\"itemscope\" itemtype=\"https:\/\/schema.org\/CreativeWork\" ><div class='avia_textblock'  itemprop=\"text\" ><p data-start=\"317\" data-end=\"532\">Lors de la formation individuelle Flexijet 3D, vous d\u00e9terminez le lieu de formation ainsi que l\u2019orientation th\u00e9matique du programme. La formation peut avoir lieu dans votre entreprise ou directement sur un chantier.<\/p>\n<p data-start=\"534\" data-end=\"750\">Lors d\u2019un entretien pr\u00e9paratoire, l\u2019un de nos techniciens commerciaux \u2014 qui assurera ensuite la formation \u2014 \u00e9value avec vous votre niveau de connaissances, les contenus de formation souhait\u00e9s ainsi que vos objectifs.<\/p>\n<p data-start=\"752\" data-end=\"1150\">Que vous ayez besoin d\u2019une initiation de base au relev\u00e9 avec le Flexijet 3D, d\u2019une formation avanc\u00e9e pour utilisateurs exp\u00e9riment\u00e9s ou d\u2019une formation sp\u00e9cialis\u00e9e portant sur des t\u00e2ches de mesure complexes et l\u2019importation ult\u00e9rieure des donn\u00e9es dans un logiciel de planification (par ex. pour la construction d\u2019escaliers) \u2014 la formation individuelle Flexijet 3D s\u2019adapte enti\u00e8rement \u00e0 vos besoins.<\/p>\n<p data-start=\"1152\" data-end=\"1358\">Nos techniciens commerciaux Flexijet disposent d\u2019un savoir-faire \u00e9tendu dans les m\u00e9tiers du b\u00e2timent et dans la conception CAO ; ce sont des utilisateurs exp\u00e9riment\u00e9s du syst\u00e8me de relev\u00e9 laser Flexijet 3D.<\/p>\n<p data-start=\"1360\" data-end=\"1636\">La dur\u00e9e minimale d\u2019une formation individuelle Flexijet 3D est d\u2019une journ\u00e9e.<br data-start=\"1437\" data-end=\"1440\" \/>Pour les formations ax\u00e9es sur le relev\u00e9 d\u2019escaliers et l\u2019importation des donn\u00e9es dans un logiciel de planification d\u2019escaliers (comme Compass ou Staircon), deux journ\u00e9es de formation sont pr\u00e9vues.<\/p>\n<\/div><\/section><br \/>\n\n<style type=\"text\/css\" data-created_by=\"avia_inline_auto\" id=\"style-css-av-jvf6jobr-7c54b7bfb1257be468744f161fe856e9\">\n#top .hr.hr-invisible.av-jvf6jobr-7c54b7bfb1257be468744f161fe856e9{\nheight:25px;\n}\n<\/style>\n<div  class='hr av-jvf6jobr-7c54b7bfb1257be468744f161fe856e9 hr-invisible  avia-builder-el-6  el_after_av_textblock  el_before_av_textblock '><span class='hr-inner '><span class=\"hr-inner-style\"><\/span><\/span><\/div><br \/>\n<section  class='av_textblock_section av-jsbzxppm-5-ae1e0098e8ff60b985b3194b887afb28 '   itemscope=\"itemscope\" itemtype=\"https:\/\/schema.org\/CreativeWork\" ><div class='avia_textblock'  itemprop=\"text\" ><h3>Frais de formation individuelle :<\/h3>\n<p><strong>1.120,\u2013 \u20ac<\/strong> par jour, hors TVA<\/p>\n<p>Frais de formation major\u00e9s des frais de d\u00e9placement et de voyage.<strong><br \/>\n<\/strong><\/p>\n<\/div><\/section><br \/>\n\n<style type=\"text\/css\" data-created_by=\"avia_inline_auto\" id=\"style-css-av-jvf6jobr-4-f5aeb99112edf101e00e4d437fa0e226\">\n#top .hr.hr-invisible.av-jvf6jobr-4-f5aeb99112edf101e00e4d437fa0e226{\nheight:25px;\n}\n<\/style>\n<div  class='hr av-jvf6jobr-4-f5aeb99112edf101e00e4d437fa0e226 hr-invisible  avia-builder-el-8  el_after_av_textblock  el_before_av_textblock '><span class='hr-inner '><span class=\"hr-inner-style\"><\/span><\/span><\/div><br \/>\n<section  class='av_textblock_section av-jsbzxppm-3-06b3ebf815a1ddcdf88764376c90fd78 '   itemscope=\"itemscope\" itemtype=\"https:\/\/schema.org\/CreativeWork\" ><div class='avia_textblock'  itemprop=\"text\" ><p>Pour toute question ou pour organiser votre formation Flexijet 3D individuelle, vous pouvez nous joindre par t\u00e9l\u00e9phone au +49 5731 18 660 60 ou par e-mail \u00e0\u00a0<a href=\"mailto:office@flexijet.info\">office@flexijet.info<\/a><\/p>\n<\/div><\/section><\/p><\/div>\n<style type=\"text\/css\" data-created_by=\"avia_inline_auto\" id=\"style-css-av-2m6r4k-d1aa92fb4600d69738abedfaf5c66a91\">\n.flex_column.av-2m6r4k-d1aa92fb4600d69738abedfaf5c66a91{\nborder-radius:0px 0px 0px 0px;\npadding:0px 0px 0px 0px;\n}\n<\/style>\n<div  class='flex_column av-2m6r4k-d1aa92fb4600d69738abedfaf5c66a91 av_one_third  avia-builder-el-10  el_after_av_two_third  el_before_av_hr  flex_column_div av-zero-column-padding  '     ><section  class='av_textblock_section av-jsbzxppm-1-be7453ef17b548a30f2cccdd38a11f6f '   itemscope=\"itemscope\" itemtype=\"https:\/\/schema.org\/CreativeWork\" ><div class='avia_textblock'  itemprop=\"text\" ><div id=\"attachment_10741\" style=\"width: 910px\" class=\"wp-caption alignleft\"><img decoding=\"async\" aria-describedby=\"caption-attachment-10741\" class=\"size-full wp-image-10741\" src=\"https:\/\/www.flexijet.info\/wp-content\/uploads\/2019\/05\/Flexijet-3D-Individual-Schulung.jpg\" alt=\"\" width=\"900\" height=\"675\" \/><p id=\"caption-attachment-10741\" class=\"wp-caption-text\">Formation individuelle avec M. Peter Hiermeier \u00e0 Adelschlag, pr\u00e8s d\u2019Ingolstadt.<br data-start=\"176\" data-end=\"179\" \/>Hereimeier Metallbau utilise le Flexijet 3D pour le relev\u00e9 et transf\u00e8re ensuite le dessin CAO vers le logiciel de planification HiCAD.<\/p><\/div>\n<\/div><\/section><\/div><\/p>\n\n<style type=\"text\/css\" data-created_by=\"avia_inline_auto\" id=\"style-css-av-jvf6jobr-2-299d14f10372c7fee44fce21d95ed0c5\">\n#top .hr.hr-invisible.av-jvf6jobr-2-299d14f10372c7fee44fce21d95ed0c5{\nheight:80px;\n}\n<\/style>\n<div  class='hr av-jvf6jobr-2-299d14f10372c7fee44fce21d95ed0c5 hr-invisible  avia-builder-el-12  el_after_av_one_third  avia-builder-el-last '><span class='hr-inner '><span class=\"hr-inner-style\"><\/span><\/span><\/div>\n","protected":false},"excerpt":{"rendered":"","protected":false},"author":27,"featured_media":0,"parent":0,"menu_order":40,"comment_status":"closed","ping_status":"closed","template":"","meta":{"cybocfi_hide_featured_image":"","footnotes":""},"class_list":["post-17556","page","type-page","status-publish","hentry"],"_links":{"self":[{"href":"https:\/\/www.flexijet.info\/fr\/wp-json\/wp\/v2\/pages\/17556","targetHints":{"allow":["GET"]}}],"collection":[{"href":"https:\/\/www.flexijet.info\/fr\/wp-json\/wp\/v2\/pages"}],"about":[{"href":"https:\/\/www.flexijet.info\/fr\/wp-json\/wp\/v2\/types\/page"}],"author":[{"embeddable":true,"href":"https:\/\/www.flexijet.info\/fr\/wp-json\/wp\/v2\/users\/27"}],"replies":[{"embeddable":true,"href":"https:\/\/www.flexijet.info\/fr\/wp-json\/wp\/v2\/comments?post=17556"}],"version-history":[{"count":8,"href":"https:\/\/www.flexijet.info\/fr\/wp-json\/wp\/v2\/pages\/17556\/revisions"}],"predecessor-version":[{"id":18185,"href":"https:\/\/www.flexijet.info\/fr\/wp-json\/wp\/v2\/pages\/17556\/revisions\/18185"}],"wp:attachment":[{"href":"https:\/\/www.flexijet.info\/fr\/wp-json\/wp\/v2\/media?parent=17556"}],"curies":[{"name":"wp","href":"https:\/\/api.w.org\/{rel}","templated":true}]}}

<div id='av-layout-grid-1'  class='av-layout-grid-container av-jsbzbm7d-1727ca2d70ce2995e55d00417207806b entry-content-wrapper main_color av-flex-cells  avia-builder-el-0  el_before_av_heading  avia-builder-el-first  av-cell-min-height av-cell-min-height-50  container_wrap fullsize'   data-av_minimum_height_pc='50'>

<style type="text/css" data-created_by="avia_inline_auto" id="style-css-av-jsbzb0t4-9d00876ba38b43720c300eaae6735ad3">
.flex_cell.av-jsbzb0t4-9d00876ba38b43720c300eaae6735ad3{
vertical-align:top;
background:url(https://www.flexijet.info/fr/wp-content/uploads/2019/02/schulung.jpg) 50% 0% no-repeat fixed ;
}
.responsive #top #wrap_all .flex_cell.av-jsbzb0t4-9d00876ba38b43720c300eaae6735ad3{
padding:5% 10% 10% 10% !important;
}
</style>
<div class='flex_cell av-jsbzb0t4-9d00876ba38b43720c300eaae6735ad3 av-gridrow-cell av_one_full no_margin  avia-builder-el-1  avia-builder-el-no-sibling  content-align-top avia-full-stretch'  ><div class='flex_cell_inner'></div></div>
</div><div id='after_grid_row_1'  class='main_color av_default_container_wrap container_wrap fullsize'  ><div class='container av-section-cont-open' ><div class='template-page content  av-content-full alpha units'><div class='post-entry post-entry-type-page post-entry-17556'><div class='entry-content-wrapper clearfix'>

<style type="text/css" data-created_by="avia_inline_auto" id="style-css-av-20requ-c19517735a9d4bd7e767f4fda299ba6b">
#top .av-special-heading.av-20requ-c19517735a9d4bd7e767f4fda299ba6b{
padding-bottom:10px;
}
body .av-special-heading.av-20requ-c19517735a9d4bd7e767f4fda299ba6b .av-special-heading-tag .heading-char{
font-size:25px;
}
.av-special-heading.av-20requ-c19517735a9d4bd7e767f4fda299ba6b .av-subheading{
font-size:20px;
}
</style>
<div  class='av-special-heading av-20requ-c19517735a9d4bd7e767f4fda299ba6b av-special-heading-h1 blockquote modern-quote  avia-builder-el-2  el_after_av_layout_row  el_before_av_hr  avia-builder-el-first  av-linked-heading'><h1 class='av-special-heading-tag '  itemprop="headline"  >Flexijet 3D <b>Formation individuelle</b></h1><div class='av-subheading av-subheading_below'><p>Formation sur site avec un contenu entièrement adapté à vos besoins</p>
</div><div class="special-heading-border"><div class="special-heading-inner-border"></div></div></div>
<div  class='hr av-24kv8gk-6-342ecc40edef12de95b78ccc7b69ef5c hr-default  avia-builder-el-3  el_after_av_heading  el_before_av_two_third '><span class='hr-inner '><span class="hr-inner-style"></span></span></div>

<style type="text/css" data-created_by="avia_inline_auto" id="style-css-av-4xhq38-f5df570d94ae17dda28537b91d2bd34a">
.flex_column.av-4xhq38-f5df570d94ae17dda28537b91d2bd34a{
border-radius:0px 0px 0px 0px;
padding:0px 0px 0px 0px;
}
</style>
<div  class='flex_column av-4xhq38-f5df570d94ae17dda28537b91d2bd34a av_two_third  avia-builder-el-4  el_after_av_hr  el_before_av_one_third  first flex_column_div av-zero-column-padding  '     ><section  class='av_textblock_section av-jsbzxppm-10671e2ceb5dcd8728ff2625b9fb4cf1 '   itemscope="itemscope" itemtype="https://schema.org/CreativeWork" ><div class='avia_textblock'  itemprop="text" ><p data-start="317" data-end="532">Lors de la formation individuelle Flexijet 3D, vous déterminez le lieu de formation ainsi que l’orientation thématique du programme. La formation peut avoir lieu dans votre entreprise ou directement sur un chantier.</p>
<p data-start="534" data-end="750">Lors d’un entretien préparatoire, l’un de nos techniciens commerciaux — qui assurera ensuite la formation — évalue avec vous votre niveau de connaissances, les contenus de formation souhaités ainsi que vos objectifs.</p>
<p data-start="752" data-end="1150">Que vous ayez besoin d’une initiation de base au relevé avec le Flexijet 3D, d’une formation avancée pour utilisateurs expérimentés ou d’une formation spécialisée portant sur des tâches de mesure complexes et l’importation ultérieure des données dans un logiciel de planification (par ex. pour la construction d’escaliers) — la formation individuelle Flexijet 3D s’adapte entièrement à vos besoins.</p>
<p data-start="1152" data-end="1358">Nos techniciens commerciaux Flexijet disposent d’un savoir-faire étendu dans les métiers du bâtiment et dans la conception CAO ; ce sont des utilisateurs expérimentés du système de relevé laser Flexijet 3D.</p>
<p data-start="1360" data-end="1636">La durée minimale d’une formation individuelle Flexijet 3D est d’une journée.<br data-start="1437" data-end="1440" />Pour les formations axées sur le relevé d’escaliers et l’importation des données dans un logiciel de planification d’escaliers (comme Compass ou Staircon), deux journées de formation sont prévues.</p>
</div></section><br />

<style type="text/css" data-created_by="avia_inline_auto" id="style-css-av-jvf6jobr-7c54b7bfb1257be468744f161fe856e9">
#top .hr.hr-invisible.av-jvf6jobr-7c54b7bfb1257be468744f161fe856e9{
height:25px;
}
</style>
<div  class='hr av-jvf6jobr-7c54b7bfb1257be468744f161fe856e9 hr-invisible  avia-builder-el-6  el_after_av_textblock  el_before_av_textblock '><span class='hr-inner '><span class="hr-inner-style"></span></span></div><br />
<section  class='av_textblock_section av-jsbzxppm-5-ae1e0098e8ff60b985b3194b887afb28 '   itemscope="itemscope" itemtype="https://schema.org/CreativeWork" ><div class='avia_textblock'  itemprop="text" ><h3>Frais de formation individuelle :</h3>
<p><strong>1.120,– €</strong> par jour, hors TVA</p>
<p>Frais de formation majorés des frais de déplacement et de voyage.<strong><br />
</strong></p>
</div></section><br />

<style type="text/css" data-created_by="avia_inline_auto" id="style-css-av-jvf6jobr-4-f5aeb99112edf101e00e4d437fa0e226">
#top .hr.hr-invisible.av-jvf6jobr-4-f5aeb99112edf101e00e4d437fa0e226{
height:25px;
}
</style>
<div  class='hr av-jvf6jobr-4-f5aeb99112edf101e00e4d437fa0e226 hr-invisible  avia-builder-el-8  el_after_av_textblock  el_before_av_textblock '><span class='hr-inner '><span class="hr-inner-style"></span></span></div><br />
<section  class='av_textblock_section av-jsbzxppm-3-06b3ebf815a1ddcdf88764376c90fd78 '   itemscope="itemscope" itemtype="https://schema.org/CreativeWork" ><div class='avia_textblock'  itemprop="text" ><p>Pour toute question ou pour organiser votre formation Flexijet 3D individuelle, vous pouvez nous joindre par téléphone au +49 5731 18 660 60 ou par e-mail à <a href="mailto:office@flexijet.info">office@flexijet.info</a></p>
</div></section></p></div>
<style type="text/css" data-created_by="avia_inline_auto" id="style-css-av-2m6r4k-d1aa92fb4600d69738abedfaf5c66a91">
.flex_column.av-2m6r4k-d1aa92fb4600d69738abedfaf5c66a91{
border-radius:0px 0px 0px 0px;
padding:0px 0px 0px 0px;
}
</style>
<div  class='flex_column av-2m6r4k-d1aa92fb4600d69738abedfaf5c66a91 av_one_third  avia-builder-el-10  el_after_av_two_third  el_before_av_hr  flex_column_div av-zero-column-padding  '     ><section  class='av_textblock_section av-jsbzxppm-1-be7453ef17b548a30f2cccdd38a11f6f '   itemscope="itemscope" itemtype="https://schema.org/CreativeWork" ><div class='avia_textblock'  itemprop="text" ><div id="attachment_10741" style="width: 910px" class="wp-caption alignleft"><img decoding="async" aria-describedby="caption-attachment-10741" class="size-full wp-image-10741" src="https://www.flexijet.info/wp-content/uploads/2019/05/Flexijet-3D-Individual-Schulung.jpg" alt="" width="900" height="675" /><p id="caption-attachment-10741" class="wp-caption-text">Formation individuelle avec M. Peter Hiermeier à Adelschlag, près d’Ingolstadt.<br data-start="176" data-end="179" />Hereimeier Metallbau utilise le Flexijet 3D pour le relevé et transfère ensuite le dessin CAO vers le logiciel de planification HiCAD.</p></div>
</div></section></div></p>

<style type="text/css" data-created_by="avia_inline_auto" id="style-css-av-jvf6jobr-2-299d14f10372c7fee44fce21d95ed0c5">
#top .hr.hr-invisible.av-jvf6jobr-2-299d14f10372c7fee44fce21d95ed0c5{
height:80px;
}
</style>
<div  class='hr av-jvf6jobr-2-299d14f10372c7fee44fce21d95ed0c5 hr-invisible  avia-builder-el-12  el_after_av_one_third  avia-builder-el-last '><span class='hr-inner '><span class="hr-inner-style"></span></span></div>
